s 497 divide 814030?
False
Is 14 a factor of 705264?
True
Is 622 a factor of 2635414?
True
Is 32 a factor of 1054720?
True
Is 4646900 a multiple of 124?
True
Is 7025459 a multiple of 600?
False
Does 14 divide 2699104?
False
Does 233 divide 156576?
True
Does 16 divide 884272?
True
Is 1525 a multiple of 2?
False
Is 11 a factor of 1393920?
True
Does 32 divide 14648995?
False
Is 719481 a multiple of 130?
False
Does 10 divide 248450?
True
Is 101 a factor of 1481569?
True
Does 36 divide 1312585?
False
Does 22 divide 976656?
False
Is 89034 a multiple of 106?
False
Is 36827 a multiple of 20?
False
Is 291 a factor of 15527750?
False
Is 159 a factor of 89941?
False
Is 136037 a multiple of 11?
True
Does 69 divide 3316278?
True
Is 56710 a multiple of 214?
True
Does 95 divide 1450080?
True
Does 1144 divide 1872728?
True
Is 333888 a multiple of 444?
True
Is 157 a factor of 64527?
True
Is 134688 a multiple of 69?
True
Is 103 a factor of 20084?
False
Is 117 a factor of 362175?
False
Is 268 a factor of 813112?
True
Is 54 a factor of 56910?
False
Does 240 divide 4370400?
True
Is 15 a factor of 29462?
False
Is 124245 a multiple of 151?
False
Is 66 a factor of 83687?
False
Is 296445 a multiple of 137?
False
Is 2170328 a multiple of 22?
False
Is 10890 a multiple of 10?
True
Is 66 a factor of 2884926?
True
Is 12848091 a multiple of 19?
False
Is 537893 a multiple of 65?
False
Is 11 a factor of 1611599?
True
Is 15 a factor of 386655?
True
Is 62 a factor of 55646?
False
Does 32 divide 43712?
True
Does 628 divide 1841924?
True
Is 497352 a multiple of 12?
True
Is 123 a factor of 22509?
True
Does 57 divide 181887?
True
Is 21 a factor of 45388?
False
Does 395 divide 579872?
False
Does 202 divide 19890334?
True
Does 14 divide 5816519?
False
Is 312 a factor of 36085?
False
Is 41 a factor of 248245?
False
Is 913 a factor of 15688992?
True
Is 29 a factor of 774991?
False
Is 277 a factor of 116821?
False
Is 107 a factor of 5807083?
False
Does 8 divide 373616?
True
Is 226 a factor of 65490?
False
Does 5 divide 53450?
True
Does 87 divide 977793?
True
Does 1051 divide 10349197?
True
Does 2 divide 54743?
False
Is 34 a factor of 1390201?
False
Is 15 a factor of 12359757?
False
Is 1954539 a multiple of 237?
True
Does 31 divide 1736558?
True
Is 469680 a multiple of 412?
True
Is 158417 a multiple of 7?
True
Does 13 divide 44721?
False
Does 33 divide 609954?
False
Does 3 divide 351838?
False
Is 20 a factor of 20518020?
True
Is 351 a factor of 2371920?
False
Is 109 a factor of 199693?
False
Is 335 a factor of 539541?
False
Is 11 a factor of 206976?
True
Does 449 divide 259971?
True
Does 3 divide 216408?
True
Does 890 divide 8829690?
True
Is 3 a factor of 573410?
False
Does 6 divide 92698?
False
Does 372 divide 1626012?
True
Is 849 a factor of 8004090?
False
Is 470256 a multiple of 303?
True
Is 14 a factor of 499510?
False
Is 874 a factor of 62054?
True
Is 64 a factor of 76761?
False
Is 179 a factor of 487578?
False
Is 8271624 a multiple of 555?
False
Does 556 divide 487494?
False
Is 22661 a multiple of 31?
True
Does 23 divide 1295084?
True
Does 111 divide 1861544?
False
Does 69 divide 7676043?
True
Is 298 a factor of 4991747?
False
Is 8 a factor of 75748?
False
Is 14 a factor of 1533036?
False
Is 41739 a multiple of 30?
False
Is 6695597 a multiple of 987?
False
Does 5 divide 135485?
True
Is 135 a factor of 101655?
True
Is 130 a factor of 1499160?
True
Is 18 a factor of 116284?
False
Does 48 divide 169008?
True
Is 245 a factor of 2667572?
False
Is 9 a factor of 1621303?
False
Is 266 a factor of 176422?
False
Is 12 a factor of 22430?
False
Does 57 divide 930981?
True
Does 451 divide 3170244?
False
Is 13 a factor of 1342822?
True
Is 372 a factor of 403332?
False
Is 113 a factor of 4224294?
False
Is 36 a factor of 205381?
False
Does 10 divide 642360?
True
Does 10 divide 191860?
True
Is 400 a factor of 96000?
True
Is 16 a factor of 3347751?
False
Is 22 a factor of 337436?
True
Is 26 a factor of 2350155?
False
Does 262 divide 1820579?
False
Is 105336 a multiple of 33?
True
Is 1261039 a multiple of 167?
False
Is 13 a factor of 62543?
True
Is 661482 even?
True
Is 36 a factor of 212339?
False
Is 129 a factor of 7110864?
False
Is 4 a factor of 1433?
False
Does 226 divide 76147?
False
Does 1514 divide 10383012?
True
Does 29 divide 4516025?
True
Does 370 divide 54422?
False
Is 2 a factor of 127272?
True
Is 24 a factor of 64992?
True
Is 19 a factor of 82957?
False
Does 540 divide 2871636?
False
Is 10 a factor of 400388?
False
Is 136200 a multiple of 20?
True
Is 183 a factor of 1306437?
True
Is 208043 a multiple of 11?
True
Does 81 divide 25029?
True
Is 52 a factor of 538980?
True
Is 115560 a multiple of 642?
True
Does 62 divide 3159272?
True
Does 46 divide 1382714?
True
Is 79 a factor of 137264?
False
Is 933203 a multiple of 2?
False
Is 650 a factor of 1363980?
False
Is 212509 a multiple of 11?
True
Is 3600396 a multiple of 36?
True
Does 15 divide 1914189?
False
Is 29520 a multiple of 240?
True
Does 9 divide 176803?
False
Is 7133930 a multiple of 95?
True
Is 794022 a multiple of 358?
False
Is 108085 a multiple of 19?
False
Is 63 a factor of 302904?
True
Is 6 a factor of 21252?
True
Does 628 divide 990516?
False
Is 1359963 a multiple of 19?
True
Is 775 a factor of 13237399?
False
Is 14445193 a multiple of 14?
False
Does 11 divide 177402?
False
Is 113 a factor of 160573?
True
Is 5 a factor of 315675?
True
Does 453 divide 60884?
False
Is 7 a factor of 779278?
False
Is 7725377 a multiple of 29?
False
Does 835 divide 9481560?
False
Is 418419 a multiple of 2?
False
Is 21 a factor of 5574975?
True
Does 295 divide 197346?
False
Is 171832 a multiple of 230?
False
Does 161 divide 530313?
False
Is 6632820 a multiple of 852?
True
Is 153 a factor of 2789318?
False
Is 11 a factor of 2327486?
False
Does 16 divide 2777937?
False
Is 312355 a multiple of 9?
False
Does 15 divide 224895?
True
Is 319790 a multiple of 226?
True
Does 9 divide 82332?
True
Is 175276 a multiple of 12?
False
Is 3 a factor of 741483?
True
Does 10 divide 4576?
False
Does 5 divide 25307?
False
Is 44 a factor of 491163?
False
Is 43 a factor of 1331961?
False
Is 29 a factor of 1619882?
True
Is 207 a factor of 353970?
True
Is 12 a factor of 477789?
False
Is 20 a factor of 753026?
False
Is 34 a factor of 960718?
False
Is 986 a factor of 5351504?
False
Is 14 a factor of 12376?
True
Does 338 divide 1189721?
False
Does 4 divide 370920?
True
Is 71 a factor of 762081?
False
Is 5 a factor of 108755?
True
Is 1047 a factor of 6028138?
False
Is 41 a factor of 833993?
False
Is 5311551 a multiple of 110?
False
Is 875430 a multiple of 274?
True
Is 3017498 a multiple of 814?
True
Does 7 divide 4679?
False
Is 12298905 a multiple of 3105?
True
Does 82 divide 3204344?
False
Is 3343849 a multiple of 401?
False
Is 214 a factor of 257870?
True
Is 228 a factor of 405156?
True
Is 1376016 a multiple of 436?
True
Is 439277 a multiple of 71?
True
Is 2442652 a multiple of 305?
False
Is 542621 a multiple of 9?
False
Is 3385843 a multiple of 13?
False
Is 10 a factor of 1796820?
True
Is 320 a factor of 364168?
False
Is 201777 a multiple of 72?
False
Does 33 divide 3336260?
False
Is 5 a factor of 57948?
False
Is 128252 a multiple of 17?
False
Is 226 a factor of 150246?
False
Is 2788944 a multiple of 582?
True
Does 185 divide 1153290?
True
Is 20 a factor of 176360?
True
Is 667 a factor of 22136396?
True
Does 19 divide 50198?
True
Is 900967 a multiple of 311?
True
Is 67 a factor of 70484?
True
Does 40 divide 194640?
True
Does 98 divide 1944418?
True
Is 471 a multiple of 38?
False
Does 2225 divide 15463750?
True
Is 120 a factor of 237120?
True
Is 450 a factor of 301500?
True
Is 4960124 a multiple of 26?
True
Is 4 a factor of 1197414?
False
Is 4033925 a multiple of 35?
True
Is 24 a factor of 696312?
True
Is 538902 a multiple of 282?
True
Is 263408 a multiple of 101?
True
Is 15 a factor of 43975549?
False
Is 665717 a multiple of 143?
False
Does 39 divide 10874904?
False
Is 571 a factor of 232463?
False
Does 1015 divide 322422?
False
Is 726016 a multiple of 26?
False
Is 3247115 a multiple of 62?
False
Is 779 a factor of 2351913?
False
Is 2781052 a multiple of 29?
False
Is 778956 a multiple of 278?
True
Is 54709 a multiple of 7?
False
Does 18 divide 20137851?
False
Is 67 a factor